ppose 0 = -3*v + i + 3612, -9*v + 1202 = -8*v - i. What is the greatest common divisor of v and 90?
5
Let r(l) = -2*l**2 + 108*l + 1150. Let v be r(63). What is the greatest common factor of v and 844?
4
Let h(s) = -309*s - 1154. Let k be h(-6). Calculate the highest common factor of 160 and k.
20
Let r(w) = 7*w - 13. Let l be r(-4). Let k = 69 + l. Let x = -93 - -163. Calculate the highest common factor of x and k.
14
Let u(a) = -172*a**3 + a**2 + a - 1. Let c be ((-252)/6)/6 + 6. Let m be u(c). What is the greatest common factor of m and 38?
19
Suppose 2*k - 3*l + 23 = -62, -k + 4*l = 55. Let n be (91 + -84)/(((-2)/k)/2). What is the highest common factor of n and 70?
35
Suppose 0 = 545*z - 537*z - 48. Suppose -z*a = 512 - 668. What is the greatest common divisor of 754 and a?
26
Let w = 76 - 46. Suppose 6*b + 0 - w = 0. Suppose 0 = b*c + 3*u - 126, 3*u + 2*u + 42 = c. Calculate the highest common divisor of c and 216.
27
Suppose -2*b = -i + 360, -3*i - 5*b = 140 - 1154. What is the highest common divisor of i and 72?
12
Let l(s) = s**3 + 63*s**2 - 131*s - 32. Let c be l(-65). Let b be (-2974)/(-18) + 26/(-117). What is the highest common divisor of b and c?
33
Let q = 1913 + -1911. Calculate the greatest common divisor of 97 and q.
1
Let p be 2*(-18)/(-21) - (6/70)/((-6)/20). Let s(c) = 100*c. Let l be s(2). Calculate the highest common divisor of l and p.
2
Suppose 0 = -q + 6, 0 = -2*t - 506*q + 504*q + 120. Let y(h) = 3*h + 3*h + 3*h + 9. Let s be y(9). Calculate the greatest common factor of t and s.
18
Let t = -11917 + 11956. What is the greatest common factor of 21489 and t?
39
Suppose -33*z + 1772 - 850 = -1157. Calculate the greatest common divisor of z and 3717.
63
Let m be ((-58)/6)/(7/(-21)). Suppose 467 = 3*l - 2*d - 310, 3*d = l - 252. Calculate the greatest common factor of l and m.
29
Let z = 1411 - 1397. Suppose 4*p = 565 - 61. Calculate the greatest common divisor of z and p.
14
Suppose -11*v + 19*v = 5456. Suppose 6*m - 778 = -v. Let n be (1/(-2))/(1/(-80)). Calculate the greatest common divisor of n and m.
8
Suppose -4 = -3*l + 2*l. Let k be 1 + (-2)/(l/(-86)). Let y be (20 - 17)/(9/6)*176. Calculate the highest common divisor of k and y.
44
Let b(x) = 4*x - 78. Let r(w) = -w**3 - 6*w**2 - w + 18. Let z be r(-6). Let i be b(z). Calculate the highest common factor of i and 4.
2
Let a = 2463 - 2423. Let s be -1374 - (-3)/(2 - 3). Let d = -937 - s. What is the greatest common divisor of d and a?
40
Let y be (-2)/(-8) + 4/(16/419). Let l be (y - (4 - 1))*1/2. Let o be 35 + -2*1 + 1. Calculate the greatest common divisor of l and o.
17
Let g(s) = -s**3 + 103*s**2 + 309*s. Let b be g(-3). Calculate the greatest common factor of b and 729.
27
Let g(u) = u + 2. Suppose 3 = -4*m + m, -23 = -4*q - 5*m. Let s be g(q). Let i be (34/5 - 5)/((-28)/(-1260)). Calculate the highest common divisor of i and s.
9
Suppose -5*v = -10*v + 825. What is the highest common divisor of 880 and v?
55
Suppose 0 = -3*x + 3*a + 2937, -9*a = -12*a + 3. Calculate the highest common factor of 280 and x.
140
Let g(w) = -2132*w - 9087. Let q(p) = 30*p + 128. Let y(b) = -2*g(b) - 143*q(b). Let v be y(-24). What is the highest common divisor of v and 26?
26
Let u = 17 + -17. Let g(c) = -2*c + 0*c**3 - 1 + u*c**2 - 11 - c**3 - 11*c**2. Let r be g(-11). Calculate the greatest common divisor of r and 1.
1
Let t be (-18836)/(-9) + (605/99 - 6). What is the greatest common factor of t and 92?
23
Suppose 0 = -9*a + 2*a + 770. Let o = a - 107. What is the greatest common divisor of 219 and o?
3
Let y be (2/4)/(3/(-228)). Let j be -2 + 1 - -3 - y. Let h = -679652 - -679657. Calculate the greatest common divisor of h and j.
5
Suppose -2*u + 40 = -u. Let a(c) = c**2 + 42*c + 190. Let h be a(-37). Calculate the highest common factor of h and u.
5
Let j = 38 + 14. Let h = -23 + j. Let x = h + -7. What is the highest common factor of x and 11?
11
Let c = -103 - -631. Let h = 327295 + -327262. Calculate the highest common factor of h and c.
33
Let f(o) be the third derivative of -o**6/4 - o**5/12 - o**4/4 - o**3/3 + 112*o**2. Let i be f(-2). Calculate the highest common divisor of 46 and i.
46
Let y = 6281 + -5993. Calculate the highest common factor of 40 and y.
8
Suppose 130 = 11*k - 24*k. Let x = 116 - k. Calculate the highest common divisor of x and 54.
18
Let l = 225 + -159. Suppose 11 = 2*z + 5*s + 3, 0 = 5*z + s - l. Suppose -2*d = -5*a + 7*a - 78, -87 = -2*d + a. What is the highest common divisor of z and d?
14
Let t(s) = -70*s + 44. Let i be t(9). Let m = i - -587. Calculate the highest common factor of m and 43.
1
Let s be (-5)/30 + -3 + 38/12. Let t = 16 + s. What is the greatest common divisor of t and 24?
8
Let o(j) = 6*j - 120. Let c be o(18). Let f = 4 - c. What is the highest common factor of 8 and f?
8
Let m be 19/7 + 2/7. Let u = -1426 + 1431. Suppose 3*r + r + 8 = -u*y, m*y = r - 15. What is the greatest common factor of r and 9?
3
Suppose 19*o + 118 - 1683 = -45. Suppose 4*y = -25 - 7. Let m be 94/18 + y/36. Calculate the greatest common divisor of o and m.
5
Let b = -49 - -113. Let f be ((-27)/15 - -1)*-30. What is the highest common divisor of b and f?
8
Let h = -19964 + 20223. What is the greatest common factor of 8029 and h?
259
Let b = -6 + 555. Let y = -479 + b. What is the highest common factor of y and 40?
10
Let d be (-4)/16 - (2 + (-153)/4). Let b be (4 + d/(-8))*-20. Let l be (8/b)/(-6*4/(-660)). Calculate the greatest common factor of 242 and l.
22
Let n be 1/((0 - -2)/1892). Let k = 345556 - 345534. Calculate the greatest common factor of n and k.
22
Let o be ((-4)/10)/(18/(-135)). Suppose 7*z - 8*z + r + 157 = 0, -4*r = -o*z + 476. What is the highest common divisor of 19 and z?
19
Suppose y + y = -252. Suppose -x + 18*x = -18*x - 16695. Let r = y - x. Calculate the greatest common factor of r and 39.
39
Let y be (-42)/(-5) - 2/5. Let r = -116 + 120. Suppose 3*b + 0*b = -l + 37, r*b - 44 = 4*l. Calculate the highest common factor of b and y.
4
Let r(y) = -23*y + 23*y - 18 + 7*y**2 - y**3. Let z be r(6). Calculate the greatest common factor of z and 4.
2
Suppose 4*q - j = q + 929, -2 = j. Suppose -q = -9*h + 4*h - 2*a, -3*h + 201 = -4*a. Let g = -57 - -99. Calculate the highest common factor of g and h.
21
Let r(g) = g**2 - g - 11. Let s be r(5). Let l be 10*(1 - s/(-6)). Let v = 781 + -771. Calculate the greatest common divisor of v and l.
5
Let w(h) = -28*h**3 + 4*h**2 + 13*h**3 + 14*h**3 + 36. Let z be w(0). Let r be (-86)/(-10) + (-4)/(-10). Calculate the greatest common factor of z and r.
9
Suppose -608 = 79*h - 43865 - 13623. Calculate the highest common factor of h and 315.
45
Suppose -5*i - 281 = -4*q, 2*q + i = -q + 225. Let f = 35 - q. Let d = -38 - f. What is the greatest common divisor of d and 1?
1
Suppose 4*b - 6*d - 640 = 0, 2*b - 175 - 145 = -3*d. What is the highest common factor of 52 and b?
4
Let k(s) = s**2 - 11*s + 37. Let h be k(4). Suppose 5*g - 6*v - 348 = -h*v, -4*v = 16. What is the greatest common factor of g and 72?
72
Let f(u) = u**3 - 2*u**2 + 9*u - 22. Let x be f(6). Calculate the greatest common factor of 55 and x.
11
Let c(o) = -8*o - 1. Let d be c(-2). Let x be ((-80)/15)/(4/(-306)). Let g = x - 273. What is the highest common divisor of d and g?
15
Let v(s) = 8 - 23 + 5 - 7*s + 0. Let u be v(-4). Calculate the greatest common divisor of u and 234.
18
Let o(n) be the third derivative of -13*n**4/24 + 337*n**3/6 + 7*n**2. Let d be o(25). Calculate the highest common divisor of d and 972.
12
Suppose -5*z = f - 7, -2*f + z + 10 = -4. Let j = -1372 + 2087. Suppose -j = f*l - 18*l. Calculate the greatest common factor of 5 and l.
5
Let u = -8 + 38. Let q be ((-4)/(-2)*((-92)/4 + 27))/(6/120). Calculate the greatest common factor of q and u.
10
Suppose 10*z + 1397 = 4*v - 1285, -4*v + 3*z + 2731 = 0. What is the highest common divisor of 224 and v?
16
Let p be (-294)/(-3)*(-11613)/(-158). What is the greatest common factor of p and 3?
3
Suppose 100*y + 434 = 102*y. Let d be (9 - 0) + (-80)/(-16). What is the highest common factor of d and y?
7
Let h(q) = q**3 + 10*q**2 - 3*q + 9. Let m be h(-9). Suppose -3*y + 4*i + 55 = 0, -48 = y - 5*y - i. What is the highest common factor of m and y?
13
Let q(r) = 2*r**2 